site?
True
Is 37168121 composite?
False
Is 112919285 composite?
True
Is 37655509 a prime number?
True
Is 26610749 a composite number?
True
Is 34386571 a prime number?
True
Is 4150093 a composite number?
False
Is 62896081 a prime number?
False
Is 72654377 a composite number?
False
Is 39017777 a composite number?
False
Is 960313 composite?
True
Is 16715437 a prime number?
False
Is 69554057 a prime number?
False
Is 3165769 a composite number?
False
Is 1396657 prime?
True
Is 634471 composite?
False
Is 72939899 prime?
True
Is 106891399 prime?
True
Is 422382687 prime?
False
Is 28824239 prime?
False
Is 9679049 a composite number?
False
Is 76140947 prime?
True
Is 72661405 a composite number?
True
Is 2706923 composite?
False
Is 160903517 a prime number?
True
Is 9129457 prime?
True
Is 27439 prime?
False
Is 1089685 a composite number?
True
Is 34141753 composite?
False
Is 1738039 a prime number?
True
Is 131206505 composite?
True
Is 264877 composite?
True
Is 8725621 prime?
True
Is 4947727 a prime number?
True
Is 775729 composite?
False
Is 2240471 a composite number?
False
Is 256137709 composite?
False
Is 54585562 a composite number?
True
Is 27597889 composite?
True
Is 40890091 prime?
False
Is 4946729 prime?
True
Is 269574395 a composite number?
True
Is 979470571 a prime number?
False
Is 18167317 composite?
True
Is 154183187 composite?
False
Is 70238057 prime?
True
Is 3716107 prime?
True
Is 12686389 prime?
True
Is 4798169 prime?
False
Is 37929394 composite?
True
Is 6702583 a prime number?
True
Is 99662081 a prime number?
False
Is 958963 composite?
False
Is 153689 composite?
False
Is 15638467 a prime number?
False
Is 33715219 composite?
False
Is 113477449 prime?
True
Is 170498227 composite?
False
Is 374333 prime?
True
Is 2020171 a composite number?
False
Is 8871661 prime?
True
Is 19361141 a prime number?
False
Is 1343341 prime?
True
Is 23601637 a composite number?
False
Is 4354523 prime?
False
Is 4763989 a composite number?
True
Is 4228633 prime?
False
Is 84245705 a composite number?
True
Is 1453129 a prime number?
True
Is 82249 composite?
True
Is 42041639 composite?
False
Is 16809609 composite?
True
Is 25099043 composite?
False
Is 124124749 composite?
True
Is 393619 a prime number?
False
Is 1032601 composite?
False
Is 78627503 a composite number?
False
Is 771349 prime?
True
Is 34932743 a composite number?
True
Is 45034757 a composite number?
True
Is 706541281 prime?
False
Is 487815943 a composite number?
False
Is 10406867 a composite number?
False
Is 34737541 a prime number?
False
Is 190858937 composite?
False
Is 12035051 a prime number?
False
Is 29497223 a prime number?
False
Is 38300059 composite?
True
Is 283680017 composite?
False
Is 2128807 a composite number?
True
Is 53098891 a composite number?
False
Is 1434131 a prime number?
True
Is 969398267 prime?
True
Is 1963889 composite?
False
Is 7307179 composite?
True
Is 5740817 a prime number?
False
Is 402441346 composite?
True
Is 243041767 composite?
True
Is 26134163 a composite number?
True
Is 5947847 prime?
True
Is 129104603 a composite number?
True
Is 9402319 a composite number?
False
Is 54865 prime?
False
Is 372797 a composite number?
False
Is 124040807 a composite number?
True
Is 21618299 a prime number?
True
Is 66524581 a composite number?
False
Is 625700717 a prime number?
False
Is 3057139 composite?
True
Is 60630307 a composite number?
True
Is 75144931 a prime number?
False
Is 4514767 composite?
True
Is 23392141 a prime number?
True
Is 186959219 a prime number?
True
Is 266403427 a prime number?
False
Is 5416231 a prime number?
True
Is 639083 prime?
True
Is 173924411 a composite number?
False
Is 36660923 a composite number?
True
Is 5169299 prime?
True
Is 41791733 prime?
False
Is 10468663 a composite number?
False
Is 65083327 prime?
False
Is 4265867 a composite number?
True
Is 125884247 a composite number?
False
Is 78080837 a prime number?
False
Is 6108079 a prime number?
True
Is 7992163 a prime number?
False
Is 339591869 composite?
False
Is 49880713 prime?
True
Is 9120677 prime?
True
Is 35518291 prime?
True
Is 446261 prime?
True
Is 104604211 composite?
False
Is 139192279 prime?
True
Is 46278191 a composite number?
True
Is 16781671 composite?
False
Is 282653759 a composite number?
False
Is 618062 composite?
True
Is 415853353 a prime number?
True
Is 1428631 prime?
True
Is 49992821 a composite number?
False
Is 5680309 prime?
False
Is 807913 a composite number?
True
Is 162398737 a prime number?
True
Is 21682721 prime?
False
Is 1854322231 a prime number?
True
Is 1433101 a composite number?
False
Is 1253339 prime?
False
Is 311735047 a composite number?
True
Is 64696267 a composite number?
True
Is 4967153 composite?
False
Is 25065757 a prime number?
True
Is 21857273 prime?
True
Is 537594437 composite?
True
Is 85739 a composite number?
True
Is 6077567 composite?
False
Is 6175769 composite?
False
Is 12686147 composite?
False
Is 10139677 prime?
False
Is 9709763 a prime number?
False
Is 3360091 a prime number?
False
Is 301511851 a composite number?
False
Is 148099 composite?
True
Is 2398423 prime?
True
Is 43742509 prime?
True
Is 122116747 a composite number?
False
Is 11674643 a composite number?
False
Is 35682641 composite?
True
Is 86550101 prime?
False
Is 273647797 prime?
True
Is 18589639 composite?
False
Is 58610306 a prime number?
False
Is 73841357 a prime number?
True
Is 4851607 composite?
True
Is 23651113 a prime number?
True
Is 10241507 a prime number?
True
Is 11760389 prime?
True
Is 4357597 a composite number?
False
Is 91311827 a prime number?
True
Is 15407221 prime?
False
Is 1782299 a prime number?
False
Is 2177501 composite?
False
Is 195950429 a prime number?
False
Is 42587387 prime?
True
Is 250402 prime?
False
Is 4755799 composite?
True
Is 446781 prime?
False
Is 316947 composite?
True
Is 3233345 prime?
False
Is 64761121 composite?
False
Is 15884417 a composite number?
True
Is 434378629 composite?
False
Is 14332999 prime?
True
Is 9899781 a composite number?
True
Is 19694677 a prime number?
True
Is 27693607 a prime number?
True
Is 128676707 a composite number?
False
Is 7094819 prime?
False
Is 74797 a composite number?
False
Is 12705157 prime?
False
Is 596731 a prime number?
False
Is 569092493 composite?
True
Is 2797841 composite?
False
Is 16073329 a composite number?
False
Is 2012435 a prime number?
False
Is 6978487 a composite number?
True
Is 129401 a prime number?
True
Is 2931779 prime?
True
Is 57887273 composite?
False
Is 16545307 composite?
True
Is 2692139 a prime number?
True
Is 221995559 a composite number?
False
Is 42412499 a composite number?
False
Is 24545581 prime?
False
Is 7617763 composite?
False
Is 12521893 prime?
False
Is 427313 composite?
True
Is 1961363 composite?
False
Is 2230615 a prime number?
False
Is 13497007 a prime number?
True
Is 8448607 prime?
True
Is 5720747 a composite number?
False
Is 60318871 composite?
False
Is 96967457 composite?
True
Is 5904807 a composite number?
True
Is 9193339 prime?
True
Is 22234229 composite?
False
Is 99808519 prime?
True
Is 2868719 prime?
False
Is 16409399 a prime number?
False
Is 6648883 a composite number?
False
Is 21260461 composite?
True
Is 222441041 a prime number?
True
Is 34184554 composite?
True
Is 309423 a prime number?
False
Is 6414581 composite?
False
Is 10317935 composite?
True
Is 159333007 a prime number?
True
Is 18316999 composite?
False
Is 3205627 a composite number?
False
Is 72461861 a prime number?
True
Is 1654111 composite?
False
Is 107845037 composite?
False
Is 2927461 prime?
False
Is 8273119 a prime number?
True
Is 447401 prime?
True
Is 9199 a prime number?
True
Is 3472745 composite?
True
Is 234576791 prime?
False
Is 22470253 prime?
False
Is 348209671 a prime number?
True
Is 8430163 composite?
True
Is 62252851 composite?
False
Is 176317439 a prime number?
False
Is 150365801 composite?
True
Is 21128743 prime?
False
Is 18621509 a prime number?
False
Is 47570135 a composite number?
True
Is 553398751 a prime number?
False
Is 1602288157 a prime number?
False
Is 7466729 composite?
False
Is 1148249 a composite number?
False
Is 22227307 composite?
False
Is 210545147 prime?
False
Is 14242637 a prime number?
False
Is 2604097 composite?
True
Is 2663999 prime?
False
Is 972292117 prime?
True
Is 3967423 composite?
True
Is 345220567 a compo